{"id":9,"date":"2014-07-29T19:35:22","date_gmt":"2014-07-29T19:35:22","guid":{"rendered":"http:\/\/math.sk\/macak\/?page_id=9"},"modified":"2021-11-18T16:01:52","modified_gmt":"2021-11-18T16:01:52","slug":"publications-2","status":"publish","type":"page","link":"https:\/\/www.math.sk\/macak\/?page_id=9","title":{"rendered":"Publications"},"content":{"rendered":"<p>ADC1 Mac\u00e1k, Marek &#8211; Minarechov\u00e1, Zuzana &#8211; Mikula, Karol: A novel scheme for solving the oblique derivative boundary-value problem.<br \/>\nIn: Studia geophysica et geodaetica. &#8211; ISSN 0039-3169. Online first: http:\/\/link.springer.com\/article\/10.1007\/s11200-013-0340-x?sa_campaign=email\/event\/articleAuthor\/onlineFirst<\/p>\n<p>ADC2 Minarechov\u00e1, Zuzana &#8211; Mac\u00e1k, Marek &#8211; \u010cunderl\u00edk, R\u00f3bert &#8211; Mikula, Karol: High-resolution global gravity field modelling by the finite volume method<br \/>\nIn: Studia geophysica et geodaetica. druh\u00e9 kolo recenzie<\/p>\n<p>AFC1 Mac\u00e1k, Marek &#8211; Mikula, Karol &#8211; Minarechov\u00e1, Zuzana &#8211; \u010cunderl\u00edk, R\u00f3bert: On an iterative approach to solving the nonlinear satellite-fixed geodetic boundary-value problem<br \/>\nIn the IAG Symposia Series volume 142. v tla\u010di<\/p>\n<p>AFC2 Mac\u00e1k, Marek &#8211; Fa\u0161kov\u00e1, Zuzana &#8211; \u010cunderl\u00edk, R\u00f3bert &#8211; Mikula, Karol: Solution of the geodetic boundary value problem by the finite volume method over an ellipsoid.<br \/>\nIn: Juniorstav 2012[elektronick\u00fd zdroj] : 14. odborn\u00e1 konference doktorsk\u00e9ho studia s mezin\u00e1rodn\u00ed \u00fa\u010dast\u00ed.Brno, 26.1.2012. &#8211; Brno : Vysok\u00e9 u\u010den\u00ed technick\u00e9 v Brn\u011b, 2012. &#8211; ISBN 978-80-214-4393-8. &#8211; nestr.<\/p>\n<p>AFD1 Mac\u00e1k, Marek &#8211; Mikula, Karol: Approximation of the oblique derivative in geodetic boundary &#8211; value problem.<br \/>\nIn: Advances in architectural, civil and environmental engineering [elektronick\u00fd zdroj] : 22nd Annual PhD Student Conference. Bratislava SR, 15.11.2012. &#8211; Bratislava : Nakladate\u013estvo STU, 2012. &#8211; ISBN 978-80-227-3853-8. &#8211; S. 57-62<\/p>\n<p>AFD2 Mac\u00e1k, Marek &#8211; Mikula, Karol: Comparison between solutions of the geodetic boundary-value problem with the Neumann and the oblique boundary condition in the area of Himalaya region.<br \/>\nIn: Advances in Architectural,Civil and Environmental Engineering [elektronick\u00fd zdroj] : 23rd Annual PhD student conference. Bratislava,SR,30.10.2013. &#8211; Bratislava : Nakladate\u013estvo STU, 2013. &#8211; ISBN 978-80-227-4102-6. &#8211; S. 45-50<\/p>\n<p>AFD3 Mac\u00e1k, Marek &#8211; Minarechov\u00e1, Zuzana &#8211; \u010cunderl\u00edk, R\u00f3bert &#8211; Mikula, Karol: Latest improvements in solution of the geodetic boundary value problem by the finite volume method.\u00a0In: MAGIA 2011 : Mathematics,geometry and their applications.Proceedings. Ko\u010dovce,SR,28.-30.10.2011. &#8211; Bratislava : Nakladate\u013estvo STU, 2012. &#8211; ISBN 978-80-227-3780-7. &#8211; S. 14-21<\/p>\n<p>AFD4 Mac\u00e1k, Marek &#8211; Mikula, Karol &#8211; Minarechov\u00e1, Zuzana: Solving the oblique derivative boundary-value problem by the finite volume method.<br \/>\nIn: ALGORITMY 2012 : 19th Conference on scientific computing. Proceedings. Podbansk\u00e9, SR, 9.-14.9.2012. &#8211; Bratislava : Nakladate\u013estvo STU, 2012. &#8211; ISBN 978-80-227-3742-5. &#8211; S. 75-81<\/p>\n","protected":false},"excerpt":{"rendered":"<p>ADC1 Mac\u00e1k, Marek &#8211; Minarechov\u00e1, Zuzana &#8211; Mikula, Karol: A novel scheme for solving the oblique derivative boundary-value problem. In: Studia geophysica et geodaetica. &#8211; ISSN&#46;&#46;&#46;<\/p>\n","protected":false},"author":1,"featured_media":0,"parent":43,"menu_order":0,"comment_status":"closed","ping_status":"closed","template":"","meta":{"footnotes":""},"class_list":["post-9","page","type-page","status-publish","hentry"],"_links":{"self":[{"href":"https:\/\/www.math.sk\/macak\/index.php?rest_route=\/wp\/v2\/pages\/9","targetHints":{"allow":["GET"]}}],"collection":[{"href":"https:\/\/www.math.sk\/macak\/index.php?rest_route=\/wp\/v2\/pages"}],"about":[{"href":"https:\/\/www.math.sk\/macak\/index.php?rest_route=\/wp\/v2\/types\/page"}],"author":[{"embeddable":true,"href":"https:\/\/www.math.sk\/macak\/index.php?rest_route=\/wp\/v2\/users\/1"}],"replies":[{"embeddable":true,"href":"https:\/\/www.math.sk\/macak\/index.php?rest_route=%2Fwp%2Fv2%2Fcomments&post=9"}],"version-history":[{"count":10,"href":"https:\/\/www.math.sk\/macak\/index.php?rest_route=\/wp\/v2\/pages\/9\/revisions"}],"predecessor-version":[{"id":252,"href":"https:\/\/www.math.sk\/macak\/index.php?rest_route=\/wp\/v2\/pages\/9\/revisions\/252"}],"up":[{"embeddable":true,"href":"https:\/\/www.math.sk\/macak\/index.php?rest_route=\/wp\/v2\/pages\/43"}],"wp:attachment":[{"href":"https:\/\/www.math.sk\/macak\/index.php?rest_route=%2Fwp%2Fv2%2Fmedia&parent=9"}],"curies":[{"name":"wp","href":"https:\/\/api.w.org\/{rel}","templated":true}]}}