{"id":767,"date":"2023-10-09T10:48:29","date_gmt":"2023-10-09T10:48:29","guid":{"rendered":"https:\/\/www.math.sk\/alg2024\/?page_id=767"},"modified":"2024-02-12T09:51:59","modified_gmt":"2024-02-12T09:51:59","slug":"travel","status":"publish","type":"page","link":"https:\/\/www.math.sk\/alg2024\/travel\/","title":{"rendered":"Travel"},"content":{"rendered":"\n<div style=\"height:50px\" aria-hidden=\"true\" class=\"wp-block-spacer\"><\/div>\n\n\n\n<h1 class=\"wp-block-heading has-neve-link-color-color has-text-color\">How to reach the conference venue<\/h1>\n\n\n\n<hr class=\"wp-block-separator has-text-color has-neve-link-color-color has-alpha-channel-opacity has-neve-link-color-background-color has-background\"\/>\n\n\n\n<h2 class=\"wp-block-heading\"><strong>Conference Bus<\/strong><\/h2>\n\n\n\n<p>We are pleased to announce the <strong>Conference Bus<\/strong> transportation details for ALGORITMY 2024:<\/p>\n\n\n\n<ul class=\"wp-block-list\">\n<li><strong>Departure from Bratislava<\/strong>: On March 15th, 2024, we will have a bus departing from Bratislava to the Grand Hotel Permon at 13:00.<\/li>\n\n\n\n<li><strong>Return to Bratislava<\/strong>: The return journey from the Grand Hotel Permon to Bratislava will be on March 20th, 2024, departing also at 13:00.<\/li>\n<\/ul>\n\n\n\n<p>The departure and arrival location of the conference bus in Bratislava will be the <a href=\"https:\/\/www.google.com\/maps\/d\/u\/0\/edit?mid=1pweF_-rw-S6Gx55wuVb8YfTS7mQVddA&amp;usp=sharing\" target=\"_blank\" rel=\"noreferrer noopener\"><strong>parking lot<\/strong><\/a> in front of the building of the Faculty of Civil Engineering of Slovak University of Technology.<\/p>\n\n\n<div style=\"height:400pxpx;\" class=\"wp-block-themeisle-blocks-leaflet-map\" id=\"wp-block-themeisle-blocks-leaflet-map-650afa8e\"><\/div>\n<script type=\"text\/javascript\">\n\t\/* <![CDATA[ *\/\n\t\tif ( ! window.themeisleLeafletMaps ) window.themeisleLeafletMaps =[];\n\t\twindow.themeisleLeafletMaps.push( { container: \"wp-block-themeisle-blocks-leaflet-map-650afa8e\", attributes: {\"id\":\"wp-block-themeisle-blocks-leaflet-map-650afa8e\",\"latitude\":\"48.153790194313046\",\"longitude\":\"17.116355895996097\",\"bbox\":\"17.1038031578064,48.15092708810247,17.128908634185795,48.1566531407756\",\"zoom\":16,\"markers\":[{\"id\":\"0c83e4c2-6a3c-4272-a50a-cbf986ce8459\",\"latitude\":48.15205087633571,\"longitude\":17.115417122840885,\"title\":\"The departure and arrival location of the conference bus\",\"description\":\"\"},{\"id\":\"bb88832a-8cc4-4870-a6ca-1820b24aa70c\",\"latitude\":48.15450236717188,\"longitude\":17.11629152297974,\"title\":\"Hotel Akademik\",\"description\":\"\"}],\"location\":\"La Sagrada Familia, Barcelona, Spain\",\"height\":\"400px\",\"zoomControl\":true,\"draggable\":true,\"hasCustomCSS\":false,\"customCSS\":\"\",\"otterConditions\":[]} } );\n\t\/* ]]> *\/\n<\/script>\n\n\n\n<p>Please note that the price for <strong>one-way transportation will be 35\u20ac<\/strong>. The price for bus transportation will be paid in cash upon arrival at the Grand Hotel Permon. Participants will receive a receipt suitable for reimbursement at their home institution.<\/p>\n\n\n\n<p>For the reservation of the conference bus, please submit the <a href=\"https:\/\/www.math.sk\/alg2024\/bus-reservation\/\"><strong>reservation form<\/strong><\/a>.<\/p>\n\n\n\n<hr class=\"wp-block-separator has-alpha-channel-opacity\"\/>\n\n\n\n<h2 class=\"wp-block-heading\">How to reach Bratislava<\/h2>\n\n\n\n<ul class=\"wp-block-list\">\n<li><strong>By plane<\/strong> to Bratislava Airport (BTS)<\/li>\n\n\n\n<li><strong>By plane<\/strong> to Vienna International Airport (VIE), then <strong>by bus<\/strong> to Bratislava AS (Central bus station &#8211; Mlynsk\u00e9 nivy) (bus operators: <a href=\"https:\/\/www.slovaklines.sk\/en\/\" target=\"_blank\" rel=\"noreferrer noopener\">Slovak Lines<\/a>, <a href=\"https:\/\/www.flixbus.com\/\" target=\"_blank\" rel=\"noreferrer noopener\">FlixBus <\/a>and <a href=\"https:\/\/regiojet.com\/\" target=\"_blank\" rel=\"noreferrer noopener\">RegioJet<\/a>)<\/li>\n\n\n\n<li><strong>By train <\/strong>to Bratislava hlavn\u00e1 stanica (Main railway station)<\/li>\n\n\n\n<li><strong>By bus<\/strong> to Bratislava AS (Central bus station &#8211; Mlynsk\u00e9 nivy)<\/li>\n\n\n\n<li><strong>By car<\/strong>, please note that motorways (as indicated on the <a href=\"https:\/\/ndsas.sk\/storage\/mapy\/mapa-siete-2023-spoplatnenie-27sep-1.pdf\" target=\"_blank\" rel=\"noreferrer noopener\">map<\/a>) require a Vignette, which can be purchased online as an <a href=\"https:\/\/eznamka.sk\/en\" target=\"_blank\" rel=\"noreferrer noopener\">Electronic vignette<\/a><\/li>\n<\/ul>\n\n\n\n<hr class=\"wp-block-separator has-alpha-channel-opacity\"\/>\n\n\n\n<h2 class=\"wp-block-heading\">How to reach <a href=\"https:\/\/www.math.sk\/alg2024\/venue\/\">Grand Hotel Permon, Podbansk\u00e9<\/a><\/h2>\n\n\n\n<ul class=\"wp-block-list\">\n<li><strong>By train or by bus <\/strong>to Liptovsk\u00fd Mikul\u00e1\u0161 then <strong>by taxi<\/strong> to Grand Hotel Permon<\/li>\n\n\n\n<li><strong>By train or by bus<\/strong> to Liptovsk\u00fd Mikul\u00e1\u0161 then <strong>by bus<\/strong> to Pribylina, Permon bus station (please note that the bus operates only twice a day)<\/li>\n\n\n\n<li><strong>By car<\/strong>, please note that motorways (as indicated on the <a href=\"https:\/\/ndsas.sk\/storage\/mapy\/mapa-siete-2023-spoplatnenie-27sep-1.pdf\" target=\"_blank\" rel=\"noreferrer noopener\">map<\/a>) require a Vignette, which can be purchased online as an <a href=\"https:\/\/eznamka.sk\/en\" target=\"_blank\" rel=\"noreferrer noopener\">Electronic vignette<\/a>. Parking is available in front of the Grand Hotel Permon.<\/li>\n<\/ul>\n\n\n\n<div style=\"height:100px\" aria-hidden=\"true\" class=\"wp-block-spacer\"><\/div>\n","protected":false},"excerpt":{"rendered":"<p>How to reach the conference venue Conference Bus We are pleased to announce the Conference Bus transportation details for ALGORITMY 2024: The departure and arrival location of the conference bus in Bratislava will be the parking lot in front of the building of the Faculty of Civil Engineering of Slovak University of Technology. Please note&hellip;&nbsp;<a href=\"https:\/\/www.math.sk\/alg2024\/travel\/\" class=\"\" rel=\"bookmark\">Read More &raquo;<span class=\"screen-reader-text\">Travel<\/span><\/a><\/p>\n","protected":false},"author":1,"featured_media":0,"parent":0,"menu_order":0,"comment_status":"closed","ping_status":"closed","template":"","meta":{"neve_meta_sidebar":"","neve_meta_container":"","neve_meta_enable_content_width":"","neve_meta_content_width":0,"neve_meta_title_alignment":"","neve_meta_author_avatar":"","neve_post_elements_order":"","neve_meta_disable_header":"off","neve_meta_disable_footer":"","neve_meta_disable_title":"on","_themeisle_gutenberg_block_has_review":false,"_ti_tpc_template_sync":false,"_ti_tpc_template_id":"","footnotes":""},"class_list":["post-767","page","type-page","status-publish","hentry"],"yoast_head":"<!-- This site is optimized with the Yoast SEO plugin v22.9 - https:\/\/yoast.com\/wordpress\/plugins\/seo\/ -->\n<title>Travel - ALGORITMY 2024<\/title>\n<meta name=\"robots\" content=\"index, follow, max-snippet:-1, max-image-preview:large, max-video-preview:-1\" \/>\n<link rel=\"canonical\" href=\"https:\/\/www.math.sk\/alg2024\/travel\/\" \/>\n<meta property=\"og:locale\" content=\"en_US\" \/>\n<meta property=\"og:type\" content=\"article\" \/>\n<meta property=\"og:title\" content=\"Travel - ALGORITMY 2024\" \/>\n<meta property=\"og:description\" content=\"How to reach the conference venue Conference Bus We are pleased to announce the Conference Bus transportation details for ALGORITMY 2024: The departure and arrival location of the conference bus in Bratislava will be the parking lot in front of the building of the Faculty of Civil Engineering of Slovak University of Technology. Please note&hellip;&nbsp;Read More &raquo;Travel\" \/>\n<meta property=\"og:url\" content=\"https:\/\/www.math.sk\/alg2024\/travel\/\" \/>\n<meta property=\"og:site_name\" content=\"ALGORITMY 2024\" \/>\n<meta property=\"article:modified_time\" content=\"2024-02-12T09:51:59+00:00\" \/>\n<meta name=\"twitter:card\" content=\"summary_large_image\" \/>\n<meta name=\"twitter:label1\" content=\"Est. reading time\" \/>\n\t<meta name=\"twitter:data1\" content=\"2 minutes\" \/>\n<script type=\"application\/ld+json\" class=\"yoast-schema-graph\">{\"@context\":\"https:\/\/schema.org\",\"@graph\":[{\"@type\":\"WebPage\",\"@id\":\"https:\/\/www.math.sk\/alg2024\/travel\/\",\"url\":\"https:\/\/www.math.sk\/alg2024\/travel\/\",\"name\":\"Travel - ALGORITMY 2024\",\"isPartOf\":{\"@id\":\"https:\/\/www.math.sk\/alg2024\/#website\"},\"datePublished\":\"2023-10-09T10:48:29+00:00\",\"dateModified\":\"2024-02-12T09:51:59+00:00\",\"breadcrumb\":{\"@id\":\"https:\/\/www.math.sk\/alg2024\/travel\/#breadcrumb\"},\"inLanguage\":\"en-US\",\"potentialAction\":[{\"@type\":\"ReadAction\",\"target\":[\"https:\/\/www.math.sk\/alg2024\/travel\/\"]}]},{\"@type\":\"BreadcrumbList\",\"@id\":\"https:\/\/www.math.sk\/alg2024\/travel\/#breadcrumb\",\"itemListElement\":[{\"@type\":\"ListItem\",\"position\":1,\"name\":\"Home\",\"item\":\"https:\/\/www.math.sk\/alg2024\/\"},{\"@type\":\"ListItem\",\"position\":2,\"name\":\"Travel\"}]},{\"@type\":\"WebSite\",\"@id\":\"https:\/\/www.math.sk\/alg2024\/#website\",\"url\":\"https:\/\/www.math.sk\/alg2024\/\",\"name\":\"ALGORITMY 2024\",\"description\":\"\",\"publisher\":{\"@id\":\"https:\/\/www.math.sk\/alg2024\/#organization\"},\"potentialAction\":[{\"@type\":\"SearchAction\",\"target\":{\"@type\":\"EntryPoint\",\"urlTemplate\":\"https:\/\/www.math.sk\/alg2024\/?s={search_term_string}\"},\"query-input\":\"required name=search_term_string\"}],\"inLanguage\":\"en-US\"},{\"@type\":\"Organization\",\"@id\":\"https:\/\/www.math.sk\/alg2024\/#organization\",\"name\":\"ALGORITMY 2024\",\"url\":\"https:\/\/www.math.sk\/alg2024\/\",\"logo\":{\"@type\":\"ImageObject\",\"inLanguage\":\"en-US\",\"@id\":\"https:\/\/www.math.sk\/alg2024\/#\/schema\/logo\/image\/\",\"url\":\"\",\"contentUrl\":\"\",\"caption\":\"ALGORITMY 2024\"},\"image\":{\"@id\":\"https:\/\/www.math.sk\/alg2024\/#\/schema\/logo\/image\/\"}}]}<\/script>\n<!-- \/ Yoast SEO plugin. -->","yoast_head_json":{"title":"Travel - ALGORITMY 2024","robots":{"index":"index","follow":"follow","max-snippet":"max-snippet:-1","max-image-preview":"max-image-preview:large","max-video-preview":"max-video-preview:-1"},"canonical":"https:\/\/www.math.sk\/alg2024\/travel\/","og_locale":"en_US","og_type":"article","og_title":"Travel - ALGORITMY 2024","og_description":"How to reach the conference venue Conference Bus We are pleased to announce the Conference Bus transportation details for ALGORITMY 2024: The departure and arrival location of the conference bus in Bratislava will be the parking lot in front of the building of the Faculty of Civil Engineering of Slovak University of Technology. Please note&hellip;&nbsp;Read More &raquo;Travel","og_url":"https:\/\/www.math.sk\/alg2024\/travel\/","og_site_name":"ALGORITMY 2024","article_modified_time":"2024-02-12T09:51:59+00:00","twitter_card":"summary_large_image","twitter_misc":{"Est. reading time":"2 minutes"},"schema":{"@context":"https:\/\/schema.org","@graph":[{"@type":"WebPage","@id":"https:\/\/www.math.sk\/alg2024\/travel\/","url":"https:\/\/www.math.sk\/alg2024\/travel\/","name":"Travel - ALGORITMY 2024","isPartOf":{"@id":"https:\/\/www.math.sk\/alg2024\/#website"},"datePublished":"2023-10-09T10:48:29+00:00","dateModified":"2024-02-12T09:51:59+00:00","breadcrumb":{"@id":"https:\/\/www.math.sk\/alg2024\/travel\/#breadcrumb"},"inLanguage":"en-US","potentialAction":[{"@type":"ReadAction","target":["https:\/\/www.math.sk\/alg2024\/travel\/"]}]},{"@type":"BreadcrumbList","@id":"https:\/\/www.math.sk\/alg2024\/travel\/#breadcrumb","itemListElement":[{"@type":"ListItem","position":1,"name":"Home","item":"https:\/\/www.math.sk\/alg2024\/"},{"@type":"ListItem","position":2,"name":"Travel"}]},{"@type":"WebSite","@id":"https:\/\/www.math.sk\/alg2024\/#website","url":"https:\/\/www.math.sk\/alg2024\/","name":"ALGORITMY 2024","description":"","publisher":{"@id":"https:\/\/www.math.sk\/alg2024\/#organization"},"potentialAction":[{"@type":"SearchAction","target":{"@type":"EntryPoint","urlTemplate":"https:\/\/www.math.sk\/alg2024\/?s={search_term_string}"},"query-input":"required name=search_term_string"}],"inLanguage":"en-US"},{"@type":"Organization","@id":"https:\/\/www.math.sk\/alg2024\/#organization","name":"ALGORITMY 2024","url":"https:\/\/www.math.sk\/alg2024\/","logo":{"@type":"ImageObject","inLanguage":"en-US","@id":"https:\/\/www.math.sk\/alg2024\/#\/schema\/logo\/image\/","url":"","contentUrl":"","caption":"ALGORITMY 2024"},"image":{"@id":"https:\/\/www.math.sk\/alg2024\/#\/schema\/logo\/image\/"}}]}},"_links":{"self":[{"href":"https:\/\/www.math.sk\/alg2024\/wp-json\/wp\/v2\/pages\/767","targetHints":{"allow":["GET"]}}],"collection":[{"href":"https:\/\/www.math.sk\/alg2024\/wp-json\/wp\/v2\/pages"}],"about":[{"href":"https:\/\/www.math.sk\/alg2024\/wp-json\/wp\/v2\/types\/page"}],"author":[{"embeddable":true,"href":"https:\/\/www.math.sk\/alg2024\/wp-json\/wp\/v2\/users\/1"}],"replies":[{"embeddable":true,"href":"https:\/\/www.math.sk\/alg2024\/wp-json\/wp\/v2\/comments?post=767"}],"version-history":[{"count":20,"href":"https:\/\/www.math.sk\/alg2024\/wp-json\/wp\/v2\/pages\/767\/revisions"}],"predecessor-version":[{"id":1191,"href":"https:\/\/www.math.sk\/alg2024\/wp-json\/wp\/v2\/pages\/767\/revisions\/1191"}],"wp:attachment":[{"href":"https:\/\/www.math.sk\/alg2024\/wp-json\/wp\/v2\/media?parent=767"}],"curies":[{"name":"wp","href":"https:\/\/api.w.org\/{rel}","templated":true}]}}