{"id":51,"date":"2012-02-24T10:04:19","date_gmt":"2012-02-24T10:04:19","guid":{"rendered":"http:\/\/www.math.sk\/svoc2012\/?page_id=51"},"modified":"2012-03-01T14:42:59","modified_gmt":"2012-03-01T14:42:59","slug":"kontakty","status":"publish","type":"page","link":"http:\/\/www.math.sk\/svoc2012\/kontakty","title":{"rendered":"Kontakty"},"content":{"rendered":"<p><strong>Katedra matematiky a deskript\u00edvnej geometrie<\/strong><\/p>\n<p><strong>Stavebn\u00e1 fakulta STU v Bratislave <\/strong><\/p>\n<p><strong>Radlinsk\u00e9ho 11<br \/>\n813 68 Bratislava<\/strong><\/p>\n<p><strong>Slovensk\u00e1 Republika<\/strong><\/p>\n<p>Kontaktn\u00e1 e-mailov\u00e1 adresa, na ktor\u00fa m\u00f4\u017eete posiela\u0165 ot\u00e1zky a pripomienky t\u00fdkaj\u00face sa s\u00fa\u0165a\u017ee je <a onclick=\"javascript:pageTracker._trackPageview('\/mailto\/svoc2012@math.sk');\" title=\"kontakt\"  href=\"mailto:svoc2012@math.sk\">svoc2012@math.sk<\/a><\/p>\n","protected":false},"excerpt":{"rendered":"<p>Katedra matematiky a deskript\u00edvnej geometrie Stavebn\u00e1 fakulta STU v Bratislave Radlinsk\u00e9ho 11 813 68 Bratislava Slovensk\u00e1 Republika Kontaktn\u00e1 e-mailov\u00e1 adresa, na ktor\u00fa m\u00f4\u017eete posiela\u0165 ot\u00e1zky a pripomienky t\u00fdkaj\u00face sa s\u00fa\u0165a\u017ee je svoc2012@math.sk<\/p>\n","protected":false},"author":1,"featured_media":0,"parent":0,"menu_order":0,"comment_status":"open","ping_status":"open","template":"","meta":[],"_links":{"self":[{"href":"http:\/\/www.math.sk\/svoc2012\/wp-json\/wp\/v2\/pages\/51"}],"collection":[{"href":"http:\/\/www.math.sk\/svoc2012\/wp-json\/wp\/v2\/pages"}],"about":[{"href":"http:\/\/www.math.sk\/svoc2012\/wp-json\/wp\/v2\/types\/page"}],"author":[{"embeddable":true,"href":"http:\/\/www.math.sk\/svoc2012\/wp-json\/wp\/v2\/users\/1"}],"replies":[{"embeddable":true,"href":"http:\/\/www.math.sk\/svoc2012\/wp-json\/wp\/v2\/comments?post=51"}],"version-history":[{"count":4,"href":"http:\/\/www.math.sk\/svoc2012\/wp-json\/wp\/v2\/pages\/51\/revisions"}],"predecessor-version":[{"id":133,"href":"http:\/\/www.math.sk\/svoc2012\/wp-json\/wp\/v2\/pages\/51\/revisions\/133"}],"wp:attachment":[{"href":"http:\/\/www.math.sk\/svoc2012\/wp-json\/wp\/v2\/media?parent=51"}],"curies":[{"name":"wp","href":"https:\/\/api.w.org\/{rel}","templated":true}]}}