{"id":19,"date":"2012-02-24T09:42:46","date_gmt":"2012-02-24T09:42:46","guid":{"rendered":"http:\/\/www.math.sk\/svoc2012\/?page_id=19"},"modified":"2012-05-26T07:50:33","modified_gmt":"2012-05-26T07:50:33","slug":"ucastnici","status":"publish","type":"page","link":"http:\/\/www.math.sk\/svoc2012\/ucastnici","title":{"rendered":"\u00da\u010dastn\u00edci prihl\u00e1sen\u00ed do s\u00fa\u0165a\u017ee fakultami"},"content":{"rendered":"<p>Andrea Fuksov\u00e1, Fakulta jadern\u00e1 a fyzik\u00e1ln\u011b in\u017een\u00fdrsk\u00e1, \u010cVUT, Praha<br \/>\nTom\u00e1\u0161 Hejda, Fakulta jadern\u00e1 a fyzik\u00e1ln\u011b in\u017een\u00fdrsk\u00e1, \u010cVUT, Praha<br \/>\nMiroslav Kol\u00e1\u0159, Fakulta jadern\u00e1 a fyzik\u00e1ln\u011b in\u017een\u00fdrsk\u00e1, \u010cVUT, Praha<br \/>\nJakub Louck\u00fd, Fakulta jadern\u00e1 a fyzik\u00e1ln\u011b in\u017een\u00fdrsk\u00e1, \u010cVUT, Praha<br \/>\nOnd\u0159ej P\u00e1rtl, Fakulta jadern\u00e1 a fyzik\u00e1ln\u011b in\u017een\u00fdrsk\u00e1, \u010cVUT, Praha<\/p>\n<p>\u010cestm\u00edr B\u00e1rta, P\u0159\u00edrodov\u011bdeck\u00e1 fakulta, Univerzita Hradec Kr\u00e1lov\u00e9<\/p>\n<p>Tereza Dad\u00e1kov\u00e1, Fakulta aplikovan\u00fdch v\u011bd, Z\u00e1pado\u010desk\u00e1 univerzita v Plzni<br \/>\nEva Turnerov\u00e1, Fakulta aplikovan\u00fdch v\u011bd, Z\u00e1pado\u010desk\u00e1 univerzita v Plzni<br \/>\nRadan \u0160uba, Fakulta aplikovan\u00fdch v\u011bd, Z\u00e1pado\u010desk\u00e1 univerzita v Plzni<\/p>\n<p>Tom\u00e1\u0161 Rusin, Fakulta matematiky, fyziky a informatiky, Univerzita Komensk\u00e9ho v Bratislave<br \/>\nJana Jankov\u00e1, Fakulta matematiky, fyziky a informatiky, Univerzita Komensk\u00e9ho v Bratislave<br \/>\nKatar\u00edna Prus\u00e1kov\u00e1, Fakulta matematiky, fyziky a informatiky, Univerzita Komensk\u00e9ho v Bratislave<br \/>\nIgor Kossaczk\u00fd, Fakulta matematiky, fyziky a informatiky, Univerzita Komensk\u00e9ho v Bratislave<br \/>\nMichaela Ro\u0161kov\u00e1, Fakulta matematiky, fyziky a informatiky, Univerzita Komensk\u00e9ho v Bratislave<br \/>\nGabriel Folt\u00e1n, Fakulta matematiky, fyziky a informatiky, Univerzita Komensk\u00e9ho v Bratislave<br \/>\nMartin Bachrat\u00fd, Fakulta matematiky, fyziky a informatiky, Univerzita Komensk\u00e9ho v Bratislave<br \/>\nJ\u00e1n Kov\u00e1\u010d, Fakulta matematiky, fyziky a informatiky, Univerzita Komensk\u00e9ho v Bratislave<br \/>\nKrist\u00edna \u010cevorov\u00e1, Fakulta matematiky, fyziky a informatiky, Univerzita Komensk\u00e9ho v Bratislave<br \/>\nPeter Kov\u00e1\u010d, Fakulta matematiky, fyziky a informatiky, Univerzita Komensk\u00e9ho v Bratislave<br \/>\nLadislav Ramp\u00e1\u0161ek, Fakulta matematiky, fyziky a informatiky, Univerzita Komensk\u00e9ho v Bratislave<br \/>\nAndr\u00e1s Varga, Fakulta matematiky, fyziky a informatiky, Univerzita Komensk\u00e9ho v Bratislave<br \/>\nMichal Ferko, Fakulta matematiky, fyziky a informatiky, Univerzita Komensk\u00e9ho v Bratislave<br \/>\nIgor Rjabinin, Fakulta matematiky, fyziky a informatiky, Univerzita Komensk\u00e9ho v Bratislave<br \/>\nSamuel Titka, Fakulta matematiky, fyziky a informatiky, Univerzita Komensk\u00e9ho v Bratislave<br \/>\nLuk\u00e1\u0161 Zdechovan, Fakulta matematiky, fyziky a informatiky, Univerzita Komensk\u00e9ho v Bratislave<br \/>\nRadom\u00edr Bos\u00e1k, Fakulta matematiky, fyziky a informatiky, Univerzita Komensk\u00e9ho v Bratislave<\/p>\n<p>Tom\u00e1\u0161 B\u00edlek, Fakulta strojn\u00edho in\u017een\u00fdrstv\u00ed, Vysok\u00e9 u\u010den\u00ed technick\u00e9 v Brn\u011b<br \/>\nTom\u00e1\u0161 Gr\u00edsa, Fakulta strojn\u00edho in\u017een\u00fdrstv\u00ed, Vysok\u00e9 u\u010den\u00ed technick\u00e9 v Brn\u011b<br \/>\nJan Horn\u00ed\u010dek, Fakulta strojn\u00edho in\u017een\u00fdrstv\u00ed, Vysok\u00e9 u\u010den\u00ed technick\u00e9 v Brn\u011b<br \/>\nMarek Pivovarn\u00edk, Fakulta strojn\u00edho in\u017een\u00fdrstv\u00ed, Vysok\u00e9 u\u010den\u00ed technick\u00e9 v Brn\u011b<br \/>\nZuzana \u0160abartov\u00e1, Fakulta strojn\u00edho in\u017een\u00fdrstv\u00ed, Vysok\u00e9 u\u010den\u00ed technick\u00e9 v Brn\u011b<\/p>\n<p>Lenka Slav\u00edkov\u00e1, Matematicko-fyzik\u00e1ln\u00ed fakulta, UK, Praha<br \/>\nMartin Franc\u016f, Matematicko-fyzik\u00e1ln\u00ed fakulta, UK, Praha<br \/>\nJakub Marian, Matematicko-fyzik\u00e1ln\u00ed fakulta, UK, Praha<br \/>\nFranti\u0161ek \u017d\u00e1k, Matematicko-fyzik\u00e1ln\u00ed fakulta, UK, Praha<br \/>\nPavel Klav\u00edk, Matematicko-fyzik\u00e1ln\u00ed fakulta, UK, Praha<br \/>\nMichaela Seifrtov\u00e1, Matematicko-fyzik\u00e1ln\u00ed fakulta, UK, Praha<br \/>\nMartin Balko, Matematicko-fyzik\u00e1ln\u00ed fakulta, UK, Praha<br \/>\nDavid Slab\u00fd, Matematicko-fyzik\u00e1ln\u00ed fakulta, UK, Praha<br \/>\nJ\u00e1n Elia\u0161, Matematicko-fyzik\u00e1ln\u00ed fakulta, UK, Praha<br \/>\nFilip Klouda, Matematicko-fyzik\u00e1ln\u00ed fakulta, UK, Praha<br \/>\nJan Ku\u0159\u00e1tko, Matematicko-fyzik\u00e1ln\u00ed fakulta, UK, Praha<br \/>\nMartin \u0158eho\u0159, Matematicko-fyzik\u00e1ln\u00ed fakulta, UK, Praha<\/p>\n<p>Ivona Fojt\u00edkov\u00e1, Stavebn\u00e1 fakulta, STU v Bratislave<br \/>\nViera Kleinov\u00e1, Stavebn\u00e1 fakulta, STU v Bratislave<br \/>\nTom\u00e1\u0161 Bohumel, Stavebn\u00e1 fakulta, STU v Bratislave<br \/>\nPeter Kott\u00e1\u0161, Stavebn\u00e1 fakulta, STU v Bratislave<br \/>\nMartin H\u00faska, Stavebn\u00e1 fakulta, STU v Bratislave<br \/>\nTibor Kme\u0165o, Stavebn\u00e1 fakulta, STU v Bratislave<br \/>\nM\u00e1ria Tje\u0161\u0161ov\u00e1, Stavebn\u00e1 fakulta, STU v Bratislave<br \/>\nFilip Paf\u010do, Stavebn\u00e1 fakulta, STU v Bratislave<br \/>\nMichal Koll\u00e1r, Stavebn\u00e1 fakulta, STU v Bratislave<br \/>\nLuk\u00e1\u0161 Val\u00e1\u0161ek, Stavebn\u00e1 fakulta, STU v Bratislave<br \/>\nAndrea Kandov\u00e1, Stavebn\u00e1 fakulta, STU v Bratislave<\/p>\n<p>Juraj \u0160ebej, \u00dastav informatiky, UPJ\u0160 Ko\u0161ice<br \/>\nJ\u00e1n Jergu\u0161, \u00dastav informatiky, UPJ\u0160 Ko\u0161ice<br \/>\nMartin Petru\u0148a, \u00dastav informatiky, UPJ\u0160 Ko\u0161ice<br \/>\nMatej Kopernick\u00fd, \u00dastav informatiky, UPJ\u0160 Ko\u0161ice<br \/>\nPavol Rajz\u00e1k, \u00dastav informatiky, UPJ\u0160 Ko\u0161ice<\/p>\n<p>Martin Zachov, Fakulta informa\u010dn\u00edch technologi\u00ed, \u010cVUT, Praha<\/p>\n<p>Kate\u0159ina Kone\u010dn\u00e1, P\u0159\u00edrodov\u011bdeck\u00e1 fakulta, Masarykova univerzita v Brn\u011b<br \/>\nJi\u0159\u00ed \u0158ih\u00e1k, P\u0159\u00edrodov\u011bdeck\u00e1 fakulta, Masarykova univerzita v Brn\u011b<\/p>\n<p>Marek Der\u0148\u00e1r, Pr\u00edrodovedeck\u00e1 fakulta, UPJ\u0160 Ko\u0161ice<br \/>\nEva Potpinkov\u00e1, Pr\u00edrodovedeck\u00e1 fakulta, UPJ\u0160 Ko\u0161ice<br \/>\nKatar\u00edna Potpinkov\u00e1, Pr\u00edrodovedeck\u00e1 fakulta, UPJ\u0160 Ko\u0161ice<\/p>\n<p>Richard Andr\u00e1\u0161ik, P\u0159\u00edrodov\u011bdeck\u00e1 fakulta, UPOL, Olomouc<\/p>\n<p>Jakub Gajarsk\u00fd, Fakulta informatiky, Masarykova univerzita, Brno<\/p>\n","protected":false},"excerpt":{"rendered":"<p>Andrea Fuksov\u00e1, Fakulta jadern\u00e1 a fyzik\u00e1ln\u011b in\u017een\u00fdrsk\u00e1, \u010cVUT, Praha Tom\u00e1\u0161 Hejda, Fakulta jadern\u00e1 a fyzik\u00e1ln\u011b in\u017een\u00fdrsk\u00e1, \u010cVUT, Praha Miroslav Kol\u00e1\u0159, Fakulta jadern\u00e1 a fyzik\u00e1ln\u011b in\u017een\u00fdrsk\u00e1, \u010cVUT, Praha Jakub Louck\u00fd, Fakulta jadern\u00e1 a fyzik\u00e1ln\u011b in\u017een\u00fdrsk\u00e1, \u010cVUT, Praha Ond\u0159ej P\u00e1rtl, Fakulta jadern\u00e1 a fyzik\u00e1ln\u011b in\u017een\u00fdrsk\u00e1, \u010cVUT, Praha \u010cestm\u00edr B\u00e1rta, P\u0159\u00edrodov\u011bdeck\u00e1 fakulta, Univerzita Hradec Kr\u00e1lov\u00e9 Tereza Dad\u00e1kov\u00e1, Fakulta aplikovan\u00fdch v\u011bd, Z\u00e1pado\u010desk\u00e1 univerzita v Plzni Eva Turnerov\u00e1, Fakulta aplikovan\u00fdch v\u011bd, Z\u00e1pado\u010desk\u00e1 univerzita v Plzni Radan \u0160uba, Fakulta aplikovan\u00fdch v\u011bd, Z\u00e1pado\u010desk\u00e1 univerzita v Plzni Tom\u00e1\u0161 Rusin, Fakulta matematiky, fyziky a informatiky, Univerzita Komensk\u00e9ho v Bratislave Jana Jankov\u00e1, Fakulta matematiky, fyziky a informatiky, Univerzita Komensk\u00e9ho v Bratislave Katar\u00edna Prus\u00e1kov\u00e1, Fakulta matematiky, fyziky a informatiky, Univerzita Komensk\u00e9ho v Bratislave Igor Kossaczk\u00fd, Fakulta matematiky, fyziky a informatiky, Univerzita Komensk\u00e9ho v Bratislave Michaela Ro\u0161kov\u00e1, Fakulta matematiky, fyziky a informatiky, Univerzita Komensk\u00e9ho v Bratislave Gabriel Folt\u00e1n, Fakulta matematiky, fyziky a informatiky, Univerzita Komensk\u00e9ho v Bratislave Martin Bachrat\u00fd, Fakulta matematiky, fyziky a informatiky, Univerzita Komensk\u00e9ho v Bratislave J\u00e1n Kov\u00e1\u010d, Fakulta matematiky, fyziky a informatiky, Univerzita Komensk\u00e9ho v Bratislave Krist\u00edna \u010cevorov\u00e1, Fakulta matematiky, fyziky a informatiky, Univerzita Komensk\u00e9ho v Bratislave Peter Kov\u00e1\u010d, Fakulta matematiky, fyziky a informatiky, Univerzita Komensk\u00e9ho v Bratislave Ladislav Ramp\u00e1\u0161ek, Fakulta matematiky, fyziky a informatiky, Univerzita Komensk\u00e9ho v Bratislave [&hellip;]<\/p>\n","protected":false},"author":1,"featured_media":0,"parent":0,"menu_order":0,"comment_status":"open","ping_status":"open","template":"","meta":[],"_links":{"self":[{"href":"http:\/\/www.math.sk\/svoc2012\/wp-json\/wp\/v2\/pages\/19"}],"collection":[{"href":"http:\/\/www.math.sk\/svoc2012\/wp-json\/wp\/v2\/pages"}],"about":[{"href":"http:\/\/www.math.sk\/svoc2012\/wp-json\/wp\/v2\/types\/page"}],"author":[{"embeddable":true,"href":"http:\/\/www.math.sk\/svoc2012\/wp-json\/wp\/v2\/users\/1"}],"replies":[{"embeddable":true,"href":"http:\/\/www.math.sk\/svoc2012\/wp-json\/wp\/v2\/comments?post=19"}],"version-history":[{"count":26,"href":"http:\/\/www.math.sk\/svoc2012\/wp-json\/wp\/v2\/pages\/19\/revisions"}],"predecessor-version":[{"id":342,"href":"http:\/\/www.math.sk\/svoc2012\/wp-json\/wp\/v2\/pages\/19\/revisions\/342"}],"wp:attachment":[{"href":"http:\/\/www.math.sk\/svoc2012\/wp-json\/wp\/v2\/media?parent=19"}],"curies":[{"name":"wp","href":"https:\/\/api.w.org\/{rel}","templated":true}]}}