{"id":11,"date":"2012-02-24T09:38:50","date_gmt":"2012-02-24T09:38:50","guid":{"rendered":"http:\/\/www.math.sk\/svoc2012\/?page_id=11"},"modified":"2012-04-20T06:55:14","modified_gmt":"2012-04-20T06:55:14","slug":"propozicie","status":"publish","type":"page","link":"http:\/\/www.math.sk\/svoc2012\/propozicie","title":{"rendered":"Propoz\u00edcie"},"content":{"rendered":"<ol>\n<li>Vyhlasovate\u013eom s\u00fa\u0165a\u017ee \u0160VO\u010c je <a onclick=\"javascript:pageTracker._trackPageview('\/outgoing\/cms.jcmf.cz\/');\"  href=\"http:\/\/cms.jcmf.cz\/\" target=\"_blank\"> \u010cesk\u00e1 matematick\u00e1 spole\u010dnost,<\/a> sekcia <a onclick=\"javascript:pageTracker._trackPageview('\/outgoing\/www.jcmf.cz\/');\"  href=\"http:\/\/www.jcmf.cz\/\" target=\"_blank\">Jednoty \u010desk\u00fdch matematik\u016f a fyzik\u016f<\/a> a <a onclick=\"javascript:pageTracker._trackPageview('\/outgoing\/sms.savbb.sk\/');\"  href=\"http:\/\/sms.savbb.sk\/\" target=\"_blank\"> Slovensk\u00e1 matematick\u00e1 spolo\u010dnos\u0165,<\/a> sekcia <a onclick=\"javascript:pageTracker._trackPageview('\/outgoing\/www.jsmf.eu.sk\/');\"  href=\"http:\/\/www.jsmf.eu.sk\/\" target=\"_blank\">Jednoty slovensk\u00fdch matematikov a fyzikov<\/a>.<\/li>\n<li>S\u00fa\u0165a\u017ee sa m\u00f4\u017ee z\u00fa\u010dastni\u0165 ka\u017ed\u00fd \u0161tudent (alebo kolekt\u00edv \u0161tudentov), ktor\u00fd je v \u010dase prihl\u00e1senia do s\u00fa\u0165a\u017ee \u0161tudentom bakal\u00e1rskeho, in\u017einierskeho alebo magistersk\u00e9ho \u0161t\u00fadia vysokej \u0161koly v \u010cR alebo SR, ktor\u00e1 ho do s\u00fa\u0165a\u017ee prihlasuje, a ktor\u00fd neukon\u010dil magistersk\u00e9 alebo in\u017einierske \u0161t\u00fadium v odbore matematika alebo informatika v predch\u00e1dzaj\u00facom \u0161kolskom roku alebo sk\u00f4r.<\/li>\n<li>Usporiadate\u013eom z\u00e1vere\u010dn\u00e9ho kola s\u00fa\u0165a\u017ee, ktor\u00e9 sa kon\u00e1 21. &#8211; 23. m\u00e1ja 2012, je Katedra matematiky a deskript\u00edvnej geometrie, Stavebn\u00e1 fakulta Slovenskej Technickej Univerzity v Bratislave. \u00da\u010dastn\u00edci tu prednes\u00fa refer\u00e1t o svojej s\u00fa\u0165a\u017enej pr\u00e1ci. Odborn\u00e9 poroty vyber\u00fa najlep\u0161ie pr\u00e1ce, ktor\u00e9 bud\u00fa ocenen\u00e9 diplomami a finan\u010dn\u00fdmi odmenami.<\/li>\n<li>S\u00fa\u0165a\u017e prebieha v 10 sekci\u00e1ch:<br \/>\n<menu>\n<li>(S1) Matematick\u00e1 anal\u00fdza &#8211; Te\u00f3ria funkci\u00ed a funk\u010dn\u00fdch priestorov<\/li>\n<li>(S2) Matematick\u00e1 anal\u00fdza &#8211; Te\u00f3ria diferenci\u00e1lnych a integr\u00e1lnych rovn\u00edc<\/li>\n<li>(S3) Te\u00f3ria pravdepodobnosti a matematick\u00e1 \u0161tatistika<\/li>\n<li>(S4) Ekonometria a finan\u010dn\u00e1 matematika<\/li>\n<li>(S5) Matematick\u00e9 \u0161trukt\u00fary &#8211; Algebra, topol\u00f3gia a geometria<\/li>\n<li>(S6) Matematick\u00e9 \u0161trukt\u00fary &#8211; Te\u00f3ria grafov a kombinatorika<\/li>\n<li>(S7) Teoretick\u00e1 informatika<\/li>\n<li>(S8) Aplikovan\u00e1 informatika<\/li>\n<li>(S9) Aplikovan\u00e1 matematika &#8211; Numerick\u00e1 anal\u00fdza<\/li>\n<li>(S10) Aplikovan\u00e1 matematika &#8211; Matematick\u00e9 modely dynamiky<\/li>\n<\/menu>\n<\/li>\n<li>Sekcie (S2n-1) a (S2n) m\u00f4\u017eu by\u0165 zl\u00fa\u010den\u00e9, ak aspo\u0148 do jednej z nich bude prihl\u00e1sen\u00fdch menej ako 6 pr\u00e1c.<\/li>\n<li>\u0160tudenti sa do s\u00fa\u0165a\u017ee prihlasuj\u00fa prostredn\u00edctvom svojich fak\u00falt. Ka\u017ed\u00e1 fakulta m\u00f4\u017ee do ka\u017edej sekcie vysla\u0165 najviac 5 pr\u00e1c. V\u00fdber pr\u00e1c m\u00f4\u017eu fakulty uskuto\u010dni\u0165 prostredn\u00edctvom fakultn\u00fdch k\u00f4l \u0160VO\u010c. Term\u00edny a organiz\u00e1cia fakultn\u00fdch s\u00fa\u0165a\u017ei alebo in\u00fd sp\u00f4sob v\u00fdberu pr\u00e1c je vecou jednotliv\u00fdch fak\u00falt.<\/li>\n<li>Fakulty prihl\u00e1sia \u0161tudentov do z\u00e1vere\u010dn\u00e9ho kola najnesk\u00f4r do <span style=\"color: #ff0000;\"><strong>30. apr\u00edla 2012<\/strong><\/span> prostredn\u00edctvom <strong>zoznamu prihl\u00e1sen\u00fdch pr\u00e1c<\/strong> sp\u00f4sobom uveden\u00fdm v <a title=\"Registr\u00e1cia\" href=\"http:\/\/www.math.sk\/svoc2012\/registracia\" target=\"_blank\">podrobn\u00fdch in\u0161trukci\u00e1ch na registr\u00e1ciu pr\u00e1c.<\/a><\/li>\n<li>\u0160tudenti vyplnia <a onclick=\"javascript:pageTracker._trackPageview('\/outgoing\/cms.jcmf.cz\/svoc\/registrace.html');\"  href=\"http:\/\/cms.jcmf.cz\/svoc\/registrace.html\" target=\"_blank\">registra\u010dn\u00fd formul\u00e1r,<\/a> prostredn\u00edctvom ktor\u00e9ho za\u0161l\u00fa abstrakt pr\u00e1ce, text pr\u00e1ce a naskenovan\u00fd podp\u00edsan\u00fd posudok elektronickou formou. \u00dadaje zadan\u00e9 do tohoto formul\u00e1ru okrem identifika\u010dn\u00fdch \u00fadajov (e-mail, sekcia a heslo) je mo\u017en\u00e9 priebe\u017ene dopl\u0148ova\u0165 a meni\u0165 prostredn\u00edctvom <a onclick=\"javascript:pageTracker._trackPageview('\/outgoing\/cms.jcmf.cz\/svoc\/edit.html');\"  href=\"http:\/\/cms.jcmf.cz\/svoc\/edit.html\" target=\"_blank\">edita\u010dn\u00e9ho formul\u00e1ra<\/a>. Term\u00edn pre vyplnenie registra\u010dn\u00e9ho (resp. edita\u010dn\u00e9ho) formul\u00e1ra a zaslanie pr\u00e1ce (vr\u00e1tane abstraktu a posudku) elektronickou formou je <span style=\"color: #ff0000;\"><strong>6. m\u00e1j 2012<\/strong><\/span>. \u0160tudenti prines\u00fa jeden vytla\u010den\u00fd exempl\u00e1r s\u00fa\u0165a\u017enej pr\u00e1ce a origin\u00e1l posudku na miesto konania z\u00e1vere\u010dn\u00e9ho kola a odovzdaj\u00fa ich pri registr\u00e1cii. Abstrakt, s\u00fa\u0165a\u017en\u00e1 pr\u00e1ca a posudok musia by\u0165 nap\u00edsan\u00e9 v slovenskom, \u010deskom alebo anglickom jazyku.<\/li>\n<li>S\u00fa\u0165a\u017en\u00e9 pr\u00e1ce bud\u00fa hodnoten\u00e9 pod\u013ea nasleduj\u00facich krit\u00e9ri\u00ed:<br \/>\n<menu>\n<li>vlastn\u00e9 v\u00fdsledky a pr\u00ednos pr\u00e1ce,<\/li>\n<li>celkov\u00e9 spracovanie pr\u00e1ce,<\/li>\n<li>prednes refer\u00e1tu o pr\u00e1ci po\u010das z\u00e1vere\u010dn\u00e9ho kola a reakcie na pr\u00edpadn\u00e9 ot\u00e1zky.<\/li>\n<\/menu>\n<\/li>\n<li>Organiza\u010dn\u00fd v\u00fdbor \u0160VO\u010c m\u00e1 pr\u00e1vo prerozdeli\u0165 sekcie v z\u00e1vere\u010dnom kole v z\u00e1vislosti od po\u010dtu a zameran\u00ed prihl\u00e1sen\u00fdch pr\u00e1c.<\/li>\n<li>S\u00fa\u0165a\u017eiacim a porotcom z\u00e1vere\u010dn\u00e9ho kola \u0160VO\u010c bude zabezpe\u010den\u00e9 bezplatn\u00e9 stravovanie a ubytovanie. \u00dahradu cestovn\u00e9ho si \u00fa\u010dastn\u00edci zabezpe\u010dia sami.<\/li>\n<\/ol>\n","protected":false},"excerpt":{"rendered":"<p>Vyhlasovate\u013eom s\u00fa\u0165a\u017ee \u0160VO\u010c je \u010cesk\u00e1 matematick\u00e1 spole\u010dnost, sekcia Jednoty \u010desk\u00fdch matematik\u016f a fyzik\u016f a Slovensk\u00e1 matematick\u00e1 spolo\u010dnos\u0165, sekcia Jednoty slovensk\u00fdch matematikov a fyzikov. S\u00fa\u0165a\u017ee sa m\u00f4\u017ee z\u00fa\u010dastni\u0165 ka\u017ed\u00fd \u0161tudent (alebo kolekt\u00edv \u0161tudentov), ktor\u00fd je v \u010dase prihl\u00e1senia do s\u00fa\u0165a\u017ee \u0161tudentom bakal\u00e1rskeho, in\u017einierskeho alebo magistersk\u00e9ho \u0161t\u00fadia vysokej \u0161koly v \u010cR alebo SR, ktor\u00e1 ho do s\u00fa\u0165a\u017ee prihlasuje, a ktor\u00fd neukon\u010dil magistersk\u00e9 alebo in\u017einierske \u0161t\u00fadium v odbore matematika alebo informatika v predch\u00e1dzaj\u00facom \u0161kolskom roku alebo sk\u00f4r. Usporiadate\u013eom z\u00e1vere\u010dn\u00e9ho kola s\u00fa\u0165a\u017ee, ktor\u00e9 sa kon\u00e1 21. &#8211; 23. m\u00e1ja 2012, je Katedra matematiky a deskript\u00edvnej geometrie, Stavebn\u00e1 fakulta Slovenskej Technickej Univerzity v Bratislave. \u00da\u010dastn\u00edci tu prednes\u00fa refer\u00e1t o svojej s\u00fa\u0165a\u017enej pr\u00e1ci. Odborn\u00e9 poroty vyber\u00fa najlep\u0161ie pr\u00e1ce, ktor\u00e9 bud\u00fa ocenen\u00e9 diplomami a finan\u010dn\u00fdmi odmenami. S\u00fa\u0165a\u017e prebieha v 10 sekci\u00e1ch: (S1) Matematick\u00e1 anal\u00fdza &#8211; Te\u00f3ria funkci\u00ed a funk\u010dn\u00fdch priestorov (S2) Matematick\u00e1 anal\u00fdza &#8211; Te\u00f3ria diferenci\u00e1lnych a integr\u00e1lnych rovn\u00edc (S3) Te\u00f3ria pravdepodobnosti a matematick\u00e1 \u0161tatistika (S4) Ekonometria a finan\u010dn\u00e1 matematika (S5) Matematick\u00e9 \u0161trukt\u00fary &#8211; Algebra, topol\u00f3gia a geometria (S6) Matematick\u00e9 \u0161trukt\u00fary &#8211; Te\u00f3ria grafov a kombinatorika (S7) Teoretick\u00e1 informatika (S8) Aplikovan\u00e1 informatika (S9) Aplikovan\u00e1 matematika &#8211; Numerick\u00e1 anal\u00fdza (S10) Aplikovan\u00e1 matematika &#8211; Matematick\u00e9 modely dynamiky Sekcie (S2n-1) a (S2n) m\u00f4\u017eu by\u0165 zl\u00fa\u010den\u00e9, ak aspo\u0148 do jednej z [&hellip;]<\/p>\n","protected":false},"author":1,"featured_media":0,"parent":0,"menu_order":0,"comment_status":"open","ping_status":"open","template":"","meta":[],"_links":{"self":[{"href":"http:\/\/www.math.sk\/svoc2012\/wp-json\/wp\/v2\/pages\/11"}],"collection":[{"href":"http:\/\/www.math.sk\/svoc2012\/wp-json\/wp\/v2\/pages"}],"about":[{"href":"http:\/\/www.math.sk\/svoc2012\/wp-json\/wp\/v2\/types\/page"}],"author":[{"embeddable":true,"href":"http:\/\/www.math.sk\/svoc2012\/wp-json\/wp\/v2\/users\/1"}],"replies":[{"embeddable":true,"href":"http:\/\/www.math.sk\/svoc2012\/wp-json\/wp\/v2\/comments?post=11"}],"version-history":[{"count":16,"href":"http:\/\/www.math.sk\/svoc2012\/wp-json\/wp\/v2\/pages\/11\/revisions"}],"predecessor-version":[{"id":157,"href":"http:\/\/www.math.sk\/svoc2012\/wp-json\/wp\/v2\/pages\/11\/revisions\/157"}],"wp:attachment":[{"href":"http:\/\/www.math.sk\/svoc2012\/wp-json\/wp\/v2\/media?parent=11"}],"curies":[{"name":"wp","href":"https:\/\/api.w.org\/{rel}","templated":true}]}}